{"id":13636,"date":"2024-12-16T16:23:08","date_gmt":"2024-12-16T19:23:08","guid":{"rendered":"https:\/\/darommoveis.com.br\/catalogo\/?post_type=product&#038;p=13636"},"modified":"2025-09-05T16:05:13","modified_gmt":"2025-09-05T19:05:13","slug":"roupeiro-moval-portugal-8p-1g-c-esp-avel-w-cas","status":"publish","type":"product","link":"https:\/\/darommoveis.com.br\/catalogo\/produto\/roupeiro-moval-portugal-8p-1g-c-esp-avel-w-cas\/","title":{"rendered":"Roupeiro Moval Portugal 8p 1g C\/esp.avel W\/cas"},"content":{"rendered":"<ul>\n<li>8 portas de\u00a0 giro<\/li>\n<li>Puxadores na cor bronze<\/li>\n<li>1 gaveta central com corredi\u00e7a met\u00e1lica<\/li>\n<li>P\u00e9s em PVC<\/li>\n<li>Espelho opcional<\/li>\n<\/ul>\n<p>Altura: 204cm<br \/>\nLargura: 165cm<br \/>\nProfundidade: 47cm<\/p>\n","protected":false},"excerpt":{"rendered":"<p>8 portas de\u00a0 giro Puxadores na cor bronze 1 gaveta central com corredi\u00e7a met\u00e1lica P\u00e9s em PVC Espelho opcional Altura: 204cm Largura: 165cm Profundidade: 47cm<\/p>\n","protected":false},"featured_media":0,"template":"","meta":[],"product_brand":[516],"product_cat":[227],"product_tag":[],"class_list":{"0":"post-13636","1":"product","2":"type-product","3":"status-publish","5":"product_brand-moval","6":"product_cat-roupeiro","8":"first","9":"onbackorder","10":"shipping-taxable","11":"purchasable","12":"product-type-simple"},"_links":{"self":[{"href":"https:\/\/darommoveis.com.br\/catalogo\/wp-json\/wp\/v2\/product\/13636","targetHints":{"allow":["GET"]}}],"collection":[{"href":"https:\/\/darommoveis.com.br\/catalogo\/wp-json\/wp\/v2\/product"}],"about":[{"href":"https:\/\/darommoveis.com.br\/catalogo\/wp-json\/wp\/v2\/types\/product"}],"version-history":[{"count":0,"href":"https:\/\/darommoveis.com.br\/catalogo\/wp-json\/wp\/v2\/product\/13636\/revisions"}],"wp:attachment":[{"href":"https:\/\/darommoveis.com.br\/catalogo\/wp-json\/wp\/v2\/media?parent=13636"}],"wp:term":[{"taxonomy":"product_brand","embeddable":true,"href":"https:\/\/darommoveis.com.br\/catalogo\/wp-json\/wp\/v2\/product_brand?post=13636"},{"taxonomy":"product_cat","embeddable":true,"href":"https:\/\/darommoveis.com.br\/catalogo\/wp-json\/wp\/v2\/product_cat?post=13636"},{"taxonomy":"product_tag","embeddable":true,"href":"https:\/\/darommoveis.com.br\/catalogo\/wp-json\/wp\/v2\/product_tag?post=13636"}],"curies":[{"name":"wp","href":"https:\/\/api.w.org\/{rel}","templated":true}]}}