{"id":13921,"date":"2024-12-16T16:25:32","date_gmt":"2024-12-16T19:25:32","guid":{"rendered":"https:\/\/darommoveis.com.br\/catalogo\/?post_type=product&#038;p=13921"},"modified":"2025-09-05T16:05:19","modified_gmt":"2025-09-05T19:05:19","slug":"painel-linea-araruna-203-freijo-off-white","status":"publish","type":"product","link":"https:\/\/darommoveis.com.br\/catalogo\/produto\/painel-linea-araruna-203-freijo-off-white\/","title":{"rendered":"Painel Linea Araruna 203 Freijo\/off White"},"content":{"rendered":"<p>Porta Basculante com Pist\u00e3o \u00e0 g\u00e1s<br \/>\nPainel com Detalhe Ripado<br \/>\nPorta Ripada + Puxador Met\u00e1lico Dourado<br \/>\nIdeal para TV de 65&#8243;<\/p>\n<p>Altura: 174cm<br \/>\nLargura: 203cm<br \/>\nProfundidade: 35cm<\/p>\n","protected":false},"excerpt":{"rendered":"<p>Porta Basculante com Pist\u00e3o \u00e0 g\u00e1s Painel com Detalhe Ripado Porta Ripada + Puxador Met\u00e1lico Dourado Ideal para TV de 65&#8243; Altura: 174cm Largura: 203cm Profundidade: 35cm<\/p>\n","protected":false},"featured_media":0,"template":"","meta":[],"product_brand":[517],"product_cat":[452],"product_tag":[],"class_list":{"0":"post-13921","1":"product","2":"type-product","3":"status-publish","5":"product_brand-linea-brasil","6":"product_cat-painel","8":"first","9":"onbackorder","10":"shipping-taxable","11":"purchasable","12":"product-type-simple"},"_links":{"self":[{"href":"https:\/\/darommoveis.com.br\/catalogo\/wp-json\/wp\/v2\/product\/13921","targetHints":{"allow":["GET"]}}],"collection":[{"href":"https:\/\/darommoveis.com.br\/catalogo\/wp-json\/wp\/v2\/product"}],"about":[{"href":"https:\/\/darommoveis.com.br\/catalogo\/wp-json\/wp\/v2\/types\/product"}],"version-history":[{"count":0,"href":"https:\/\/darommoveis.com.br\/catalogo\/wp-json\/wp\/v2\/product\/13921\/revisions"}],"wp:attachment":[{"href":"https:\/\/darommoveis.com.br\/catalogo\/wp-json\/wp\/v2\/media?parent=13921"}],"wp:term":[{"taxonomy":"product_brand","embeddable":true,"href":"https:\/\/darommoveis.com.br\/catalogo\/wp-json\/wp\/v2\/product_brand?post=13921"},{"taxonomy":"product_cat","embeddable":true,"href":"https:\/\/darommoveis.com.br\/catalogo\/wp-json\/wp\/v2\/product_cat?post=13921"},{"taxonomy":"product_tag","embeddable":true,"href":"https:\/\/darommoveis.com.br\/catalogo\/wp-json\/wp\/v2\/product_tag?post=13921"}],"curies":[{"name":"wp","href":"https:\/\/api.w.org\/{rel}","templated":true}]}}