{"id":14225,"date":"2024-12-16T16:28:12","date_gmt":"2024-12-16T19:28:12","guid":{"rendered":"https:\/\/darommoveis.com.br\/catalogo\/?post_type=product&#038;p=14225"},"modified":"2025-09-05T16:05:26","modified_gmt":"2025-09-05T19:05:26","slug":"comoda-rud-rack-atenas-8g-branco","status":"publish","type":"product","link":"https:\/\/darommoveis.com.br\/catalogo\/produto\/comoda-rud-rack-atenas-8g-branco\/","title":{"rendered":"Comoda Rud Rack Atenas 8g Branco"},"content":{"rendered":"<p>. Produto 100% mdf<br \/>\n. 08 Gavetas com corredi\u00e7as telesc\u00f3picas<br \/>\n. Tampo superior de 25 mm<br \/>\n. 05 rod\u00edzios<br \/>\n. Puxadores modernos<\/p>\n<p>Altura: 101cm<br \/>\nLargura: 121cm<br \/>\nProfundidade: 45cm<\/p>\n","protected":false},"excerpt":{"rendered":"<p>. Produto 100% mdf . 08 Gavetas com corredi\u00e7as telesc\u00f3picas . Tampo superior de 25 mm . 05 rod\u00edzios . Puxadores modernos Altura: 101cm Largura: 121cm Profundidade: 45cm<\/p>\n","protected":false},"featured_media":0,"template":"","meta":[],"product_brand":[508],"product_cat":[239],"product_tag":[],"class_list":{"0":"post-14225","1":"product","2":"type-product","3":"status-publish","5":"product_brand-rud-rack","6":"product_cat-comodas","8":"first","9":"onbackorder","10":"shipping-taxable","11":"purchasable","12":"product-type-simple"},"_links":{"self":[{"href":"https:\/\/darommoveis.com.br\/catalogo\/wp-json\/wp\/v2\/product\/14225","targetHints":{"allow":["GET"]}}],"collection":[{"href":"https:\/\/darommoveis.com.br\/catalogo\/wp-json\/wp\/v2\/product"}],"about":[{"href":"https:\/\/darommoveis.com.br\/catalogo\/wp-json\/wp\/v2\/types\/product"}],"version-history":[{"count":0,"href":"https:\/\/darommoveis.com.br\/catalogo\/wp-json\/wp\/v2\/product\/14225\/revisions"}],"wp:attachment":[{"href":"https:\/\/darommoveis.com.br\/catalogo\/wp-json\/wp\/v2\/media?parent=14225"}],"wp:term":[{"taxonomy":"product_brand","embeddable":true,"href":"https:\/\/darommoveis.com.br\/catalogo\/wp-json\/wp\/v2\/product_brand?post=14225"},{"taxonomy":"product_cat","embeddable":true,"href":"https:\/\/darommoveis.com.br\/catalogo\/wp-json\/wp\/v2\/product_cat?post=14225"},{"taxonomy":"product_tag","embeddable":true,"href":"https:\/\/darommoveis.com.br\/catalogo\/wp-json\/wp\/v2\/product_tag?post=14225"}],"curies":[{"name":"wp","href":"https:\/\/api.w.org\/{rel}","templated":true}]}}