{"id":14343,"date":"2024-12-16T16:29:15","date_gmt":"2024-12-16T19:29:15","guid":{"rendered":"https:\/\/darommoveis.com.br\/catalogo\/?post_type=product&#038;p=14343"},"modified":"2025-09-30T00:00:43","modified_gmt":"2025-09-30T03:00:43","slug":"cabec-moval-casal-flex-araguaia-2c-freijo","status":"publish","type":"product","link":"https:\/\/darommoveis.com.br\/catalogo\/produto\/cabec-moval-casal-flex-araguaia-2c-freijo\/","title":{"rendered":"Cabeceira  Moval Casal Flex Araguaia 2c. Freijo"},"content":{"rendered":"<ul>\n<li>Mesa de cabeceira embutida<\/li>\n<li>Ideal para colch\u00f5es de 1,38m e 1,58m de largura<\/li>\n<li>2 Gavetas com corredi\u00e7as telesc\u00f3picas<\/li>\n<\/ul>\n<p>Altura: 115cm<br \/>\nLargura: 235cm \/ 255cm<br \/>\nProfundidade: 39cm<\/p>\n","protected":false},"excerpt":{"rendered":"<p>Mesa de cabeceira embutida Ideal para colch\u00f5es de 1,38m e 1,58m de largura 2 Gavetas com corredi\u00e7as telesc\u00f3picas Altura: 115cm Largura: 235cm \/ 255cm Profundidade: 39cm<\/p>\n","protected":false},"featured_media":0,"template":"","meta":[],"product_brand":[516],"product_cat":[231],"product_tag":[],"class_list":{"0":"post-14343","1":"product","2":"type-product","3":"status-publish","5":"product_brand-moval","6":"product_cat-cabeceira","8":"first","9":"instock","10":"shipping-taxable","11":"purchasable","12":"product-type-simple"},"_links":{"self":[{"href":"https:\/\/darommoveis.com.br\/catalogo\/wp-json\/wp\/v2\/product\/14343","targetHints":{"allow":["GET"]}}],"collection":[{"href":"https:\/\/darommoveis.com.br\/catalogo\/wp-json\/wp\/v2\/product"}],"about":[{"href":"https:\/\/darommoveis.com.br\/catalogo\/wp-json\/wp\/v2\/types\/product"}],"version-history":[{"count":0,"href":"https:\/\/darommoveis.com.br\/catalogo\/wp-json\/wp\/v2\/product\/14343\/revisions"}],"wp:attachment":[{"href":"https:\/\/darommoveis.com.br\/catalogo\/wp-json\/wp\/v2\/media?parent=14343"}],"wp:term":[{"taxonomy":"product_brand","embeddable":true,"href":"https:\/\/darommoveis.com.br\/catalogo\/wp-json\/wp\/v2\/product_brand?post=14343"},{"taxonomy":"product_cat","embeddable":true,"href":"https:\/\/darommoveis.com.br\/catalogo\/wp-json\/wp\/v2\/product_cat?post=14343"},{"taxonomy":"product_tag","embeddable":true,"href":"https:\/\/darommoveis.com.br\/catalogo\/wp-json\/wp\/v2\/product_tag?post=14343"}],"curies":[{"name":"wp","href":"https:\/\/api.w.org\/{rel}","templated":true}]}}