{"id":14420,"date":"2024-12-16T16:29:50","date_gmt":"2024-12-16T19:29:50","guid":{"rendered":"https:\/\/darommoveis.com.br\/catalogo\/?post_type=product&#038;p=14420"},"modified":"2025-09-05T16:05:31","modified_gmt":"2025-09-05T19:05:31","slug":"rack-linea-rubi-120-nature-off-white","status":"publish","type":"product","link":"https:\/\/darommoveis.com.br\/catalogo\/produto\/rack-linea-rubi-120-nature-off-white\/","title":{"rendered":"Rack Linea Rubi 120 Nature\/off White"},"content":{"rendered":"<p>Puxador na cor Cobre<br \/>\nPorta de Correr com Detalhe Frisado<br \/>\nP\u00e9s Pl\u00e1sticos C\u00f4nicos<\/p>\n<p>Altura: 64cm<br \/>\nLargura: 120cm<br \/>\nProfundidade: 36cm<\/p>\n","protected":false},"excerpt":{"rendered":"<p>Puxador na cor Cobre Porta de Correr com Detalhe Frisado P\u00e9s Pl\u00e1sticos C\u00f4nicos Altura: 64cm Largura: 120cm Profundidade: 36cm<\/p>\n","protected":false},"featured_media":0,"template":"","meta":[],"product_brand":[517],"product_cat":[462],"product_tag":[],"class_list":{"0":"post-14420","1":"product","2":"type-product","3":"status-publish","5":"product_brand-linea-brasil","6":"product_cat-rack","8":"first","9":"onbackorder","10":"shipping-taxable","11":"purchasable","12":"product-type-simple"},"_links":{"self":[{"href":"https:\/\/darommoveis.com.br\/catalogo\/wp-json\/wp\/v2\/product\/14420","targetHints":{"allow":["GET"]}}],"collection":[{"href":"https:\/\/darommoveis.com.br\/catalogo\/wp-json\/wp\/v2\/product"}],"about":[{"href":"https:\/\/darommoveis.com.br\/catalogo\/wp-json\/wp\/v2\/types\/product"}],"version-history":[{"count":0,"href":"https:\/\/darommoveis.com.br\/catalogo\/wp-json\/wp\/v2\/product\/14420\/revisions"}],"wp:attachment":[{"href":"https:\/\/darommoveis.com.br\/catalogo\/wp-json\/wp\/v2\/media?parent=14420"}],"wp:term":[{"taxonomy":"product_brand","embeddable":true,"href":"https:\/\/darommoveis.com.br\/catalogo\/wp-json\/wp\/v2\/product_brand?post=14420"},{"taxonomy":"product_cat","embeddable":true,"href":"https:\/\/darommoveis.com.br\/catalogo\/wp-json\/wp\/v2\/product_cat?post=14420"},{"taxonomy":"product_tag","embeddable":true,"href":"https:\/\/darommoveis.com.br\/catalogo\/wp-json\/wp\/v2\/product_tag?post=14420"}],"curies":[{"name":"wp","href":"https:\/\/api.w.org\/{rel}","templated":true}]}}