{"id":22282,"date":"2025-04-15T11:06:42","date_gmt":"2025-04-15T14:06:42","guid":{"rendered":"https:\/\/darommoveis.com.br\/catalogo\/?post_type=product&#038;p=22282"},"modified":"2025-09-05T16:05:38","modified_gmt":"2025-09-05T19:05:38","slug":"home-linea-alagoas-160-nature-off-white","status":"publish","type":"product","link":"https:\/\/darommoveis.com.br\/catalogo\/produto\/home-linea-alagoas-160-nature-off-white\/","title":{"rendered":"HOME LINEA ALAGOAS 160 NATURE\/OFF WHITE"},"content":{"rendered":"<p>Haste de MDF Revestida<br \/>\nPorta de Abrir com Detalhe Ripado e Puxadores em Couro<br \/>\nEspa\u00e7o para decora\u00e7\u00e3o e Aparelhos Eletr\u00f4nicos<br \/>\nIdeal para TV de 50&#8243;<\/p>\n<p>Altura: 187cm<br \/>\nLargura: 160cm<br \/>\nProfundidade: 39cm<\/p>\n","protected":false},"excerpt":{"rendered":"<p>Haste de MDF Revestida Porta de Abrir com Detalhe Ripado e Puxadores em Couro Espa\u00e7o para decora\u00e7\u00e3o e Aparelhos Eletr\u00f4nicos Ideal para TV de 50&#8243; Altura: 187cm Largura: 160cm Profundidade: 39cm<\/p>\n","protected":false},"featured_media":0,"template":"","meta":[],"product_brand":[517],"product_cat":[454],"product_tag":[],"class_list":{"0":"post-22282","1":"product","2":"type-product","3":"status-publish","5":"product_brand-linea-brasil","6":"product_cat-home","8":"first","9":"onbackorder","10":"shipping-taxable","11":"purchasable","12":"product-type-simple"},"_links":{"self":[{"href":"https:\/\/darommoveis.com.br\/catalogo\/wp-json\/wp\/v2\/product\/22282","targetHints":{"allow":["GET"]}}],"collection":[{"href":"https:\/\/darommoveis.com.br\/catalogo\/wp-json\/wp\/v2\/product"}],"about":[{"href":"https:\/\/darommoveis.com.br\/catalogo\/wp-json\/wp\/v2\/types\/product"}],"version-history":[{"count":0,"href":"https:\/\/darommoveis.com.br\/catalogo\/wp-json\/wp\/v2\/product\/22282\/revisions"}],"wp:attachment":[{"href":"https:\/\/darommoveis.com.br\/catalogo\/wp-json\/wp\/v2\/media?parent=22282"}],"wp:term":[{"taxonomy":"product_brand","embeddable":true,"href":"https:\/\/darommoveis.com.br\/catalogo\/wp-json\/wp\/v2\/product_brand?post=22282"},{"taxonomy":"product_cat","embeddable":true,"href":"https:\/\/darommoveis.com.br\/catalogo\/wp-json\/wp\/v2\/product_cat?post=22282"},{"taxonomy":"product_tag","embeddable":true,"href":"https:\/\/darommoveis.com.br\/catalogo\/wp-json\/wp\/v2\/product_tag?post=22282"}],"curies":[{"name":"wp","href":"https:\/\/api.w.org\/{rel}","templated":true}]}}