{"id":22633,"date":"2025-05-14T14:18:53","date_gmt":"2025-05-14T17:18:53","guid":{"rendered":"https:\/\/darommoveis.com.br\/catalogo\/?post_type=product&#038;p=22633"},"modified":"2025-09-05T16:05:37","modified_gmt":"2025-09-05T19:05:37","slug":"comoda-lanza-carrara-5g-noce-bronze","status":"publish","type":"product","link":"https:\/\/darommoveis.com.br\/catalogo\/produto\/comoda-lanza-carrara-5g-noce-bronze\/","title":{"rendered":"COMODA LANZA CARRARA 5G NOCE BRONZE"},"content":{"rendered":"<p>&#8211; P\u00e9s em Madeira<br \/>\n&#8211; 5 Gavetas com Corredi\u00e7as Telesc\u00f3picas<br \/>\n&#8211; Fechadura com Chave na Primeira Gaveta<br \/>\n&#8211; Produto em MDP e MDF<\/p>\n<p>Altura: 134cm<br \/>\nLargura: 93cm<br \/>\nProfundidade: 45cm<\/p>\n","protected":false},"excerpt":{"rendered":"<p>&#8211; P\u00e9s em Madeira &#8211; 5 Gavetas com Corredi\u00e7as Telesc\u00f3picas &#8211; Fechadura com Chave na Primeira Gaveta &#8211; Produto em MDP e MDF Altura: 134cm Largura: 93cm Profundidade: 45cm<\/p>\n","protected":false},"featured_media":0,"template":"","meta":[],"product_brand":[518],"product_cat":[239],"product_tag":[],"class_list":{"0":"post-22633","1":"product","2":"type-product","3":"status-publish","5":"product_brand-lanza","6":"product_cat-comodas","8":"first","9":"instock","10":"shipping-taxable","11":"purchasable","12":"product-type-simple"},"_links":{"self":[{"href":"https:\/\/darommoveis.com.br\/catalogo\/wp-json\/wp\/v2\/product\/22633","targetHints":{"allow":["GET"]}}],"collection":[{"href":"https:\/\/darommoveis.com.br\/catalogo\/wp-json\/wp\/v2\/product"}],"about":[{"href":"https:\/\/darommoveis.com.br\/catalogo\/wp-json\/wp\/v2\/types\/product"}],"version-history":[{"count":0,"href":"https:\/\/darommoveis.com.br\/catalogo\/wp-json\/wp\/v2\/product\/22633\/revisions"}],"wp:attachment":[{"href":"https:\/\/darommoveis.com.br\/catalogo\/wp-json\/wp\/v2\/media?parent=22633"}],"wp:term":[{"taxonomy":"product_brand","embeddable":true,"href":"https:\/\/darommoveis.com.br\/catalogo\/wp-json\/wp\/v2\/product_brand?post=22633"},{"taxonomy":"product_cat","embeddable":true,"href":"https:\/\/darommoveis.com.br\/catalogo\/wp-json\/wp\/v2\/product_cat?post=22633"},{"taxonomy":"product_tag","embeddable":true,"href":"https:\/\/darommoveis.com.br\/catalogo\/wp-json\/wp\/v2\/product_tag?post=22633"}],"curies":[{"name":"wp","href":"https:\/\/api.w.org\/{rel}","templated":true}]}}