{"id":24341,"date":"2025-09-05T10:46:27","date_gmt":"2025-09-05T13:46:27","guid":{"rendered":"https:\/\/darommoveis.com.br\/catalogo\/?post_type=product&#038;p=24341"},"modified":"2025-09-05T16:05:40","modified_gmt":"2025-09-05T19:05:40","slug":"comoda-roupeiro-vila-rica-cristal-c-esp-br-cam","status":"publish","type":"product","link":"https:\/\/darommoveis.com.br\/catalogo\/produto\/comoda-roupeiro-vila-rica-cristal-c-esp-br-cam\/","title":{"rendered":"COMODA ROUPEIRO VILA RICA CRISTAL C\/ESP BR\/CAM"},"content":{"rendered":"<p>4 Gavetas com Corredi\u00e7as Telesc\u00f3picas<br \/>\n2 Portas com Prateleiras Internas<br \/>\nPrateleiras M\u00f3veis Permite Personaliza\u00e7\u00e3o do Espa\u00e7o Interno<br \/>\nP\u00e9s Retangulares<br \/>\nPuxador em formato de concha dourado<br \/>\nPainel com Espelho<\/p>\n<p>Altura: 174cm<br \/>\nLargura: 120cm<br \/>\nProfundidade: 47cm<\/p>\n","protected":false},"excerpt":{"rendered":"<p>4 Gavetas com Corredi\u00e7as Telesc\u00f3picas 2 Portas com Prateleiras Internas Prateleiras M\u00f3veis Permite Personaliza\u00e7\u00e3o do Espa\u00e7o Interno P\u00e9s Retangulares Puxador em formato de concha dourado Painel com Espelho Altura: 174cm Largura: 120cm Profundidade: 47cm<\/p>\n","protected":false},"featured_media":0,"template":"","meta":[],"product_brand":[524],"product_cat":[525],"product_tag":[],"class_list":{"0":"post-24341","1":"product","2":"type-product","3":"status-publish","5":"product_brand-vila-rica","6":"product_cat-comoda-roupeiro","8":"first","9":"instock","10":"shipping-taxable","11":"purchasable","12":"product-type-simple"},"_links":{"self":[{"href":"https:\/\/darommoveis.com.br\/catalogo\/wp-json\/wp\/v2\/product\/24341","targetHints":{"allow":["GET"]}}],"collection":[{"href":"https:\/\/darommoveis.com.br\/catalogo\/wp-json\/wp\/v2\/product"}],"about":[{"href":"https:\/\/darommoveis.com.br\/catalogo\/wp-json\/wp\/v2\/types\/product"}],"version-history":[{"count":0,"href":"https:\/\/darommoveis.com.br\/catalogo\/wp-json\/wp\/v2\/product\/24341\/revisions"}],"wp:attachment":[{"href":"https:\/\/darommoveis.com.br\/catalogo\/wp-json\/wp\/v2\/media?parent=24341"}],"wp:term":[{"taxonomy":"product_brand","embeddable":true,"href":"https:\/\/darommoveis.com.br\/catalogo\/wp-json\/wp\/v2\/product_brand?post=24341"},{"taxonomy":"product_cat","embeddable":true,"href":"https:\/\/darommoveis.com.br\/catalogo\/wp-json\/wp\/v2\/product_cat?post=24341"},{"taxonomy":"product_tag","embeddable":true,"href":"https:\/\/darommoveis.com.br\/catalogo\/wp-json\/wp\/v2\/product_tag?post=24341"}],"curies":[{"name":"wp","href":"https:\/\/api.w.org\/{rel}","templated":true}]}}